{"id":32,"date":"2015-11-27T00:01:12","date_gmt":"2015-11-26T23:01:12","guid":{"rendered":"http:\/\/holzfit.de\/?page_id=32"},"modified":"2023-08-17T12:30:29","modified_gmt":"2023-08-17T10:30:29","slug":"insektenschutz","status":"publish","type":"page","link":"https:\/\/holzfit.com\/index.php\/leistungen\/insektenschutz\/","title":{"rendered":"Insektenschutz"},"content":{"rendered":"\n<p><strong>Unsere Gitte f\u00fcr Insektenschutz sind perfekt im Detail<\/strong><\/p>\n\n\n\n<p>Ob fest montiert, zum Drehen, Schieben oder Ziehen, Insektenschutzgitter m\u00fcssen dauerhaft funktionieren. Wir fertigen die Elemente selbst und passen sie genau an Ihre Fenster an. Sie sind kaum sichtbar, individuell einsetzbar und bieten langlebige Funktion. Insektenschutzgitter gibt es jetzt auch mit zus\u00e4tzlichem Schutz vor Pollen und Elektrosmog. Sch\u00fctzen Sie sich, damit sie sch\u00f6n, gesund und sicher wohnen.<\/p>\n\n\n\n<p><strong>Unsere Partner und Lieferanten:<\/strong><\/p>\n\n\n\n<ul class=\"wp-block-list\">\n<li><a href=\"https:\/\/www.neher.de\/plink.php\" target=\"_blank\" rel=\"noopener noreferrer\">https:\/\/www.neher.de<\/a><\/li>\n\n\n\n<li><a href=\"http:\/\/www.transpatec.de\" target=\"_blank\" rel=\"noopener noreferrer\">http:\/\/www.transpatec.de<\/a><\/li>\n<\/ul>\n","protected":false},"excerpt":{"rendered":"<p>Unsere Gitte f\u00fcr Insektenschutz sind perfekt im Detail Ob fest montiert, zum Drehen, Schieben oder Ziehen, Insektenschutzgitter m\u00fcssen dauerhaft funktionieren. Wir fertigen die Elemente selbst und passen sie genau an Ihre Fenster an. Sie sind kaum sichtbar, individuell einsetzbar und &hellip; <a href=\"https:\/\/holzfit.com\/index.php\/leistungen\/insektenschutz\/\">Weiterlesen <span class=\"meta-nav\">&rarr;<\/span><\/a><\/p>\n","protected":false},"author":1,"featured_media":0,"parent":69,"menu_order":3,"comment_status":"closed","ping_status":"closed","template":"sidebar-page.php","meta":{"footnotes":""},"class_list":["post-32","page","type-page","status-publish","hentry"],"yoast_head":"<!-- This site is optimized with the Yoast SEO plugin v27.4 - https:\/\/yoast.com\/product\/yoast-seo-wordpress\/ -->\n<title>Insektenschutz - Holzfit Kn\u00e4bel<\/title>\n<meta name=\"description\" content=\"Unsere Gitter f\u00fcr Insektenschutz sind perfekt im Detail. Ob fest montiert, zum Drehen, Schieben oder Ziehen, sie funktionieren dauerhaft.\" \/>\n<meta name=\"robots\" content=\"index, follow, max-snippet:-1, max-image-preview:large, max-video-preview:-1\" \/>\n<link rel=\"canonical\" href=\"https:\/\/holzfit.com\/index.php\/leistungen\/insektenschutz\/\" \/>\n<meta property=\"og:locale\" content=\"de_DE\" \/>\n<meta property=\"og:type\" content=\"article\" \/>\n<meta property=\"og:title\" content=\"Insektenschutz - Holzfit Kn\u00e4bel\" \/>\n<meta property=\"og:description\" content=\"Unsere Gitter f\u00fcr Insektenschutz sind perfekt im Detail. Ob fest montiert, zum Drehen, Schieben oder Ziehen, sie funktionieren dauerhaft.\" \/>\n<meta property=\"og:url\" content=\"https:\/\/holzfit.com\/index.php\/leistungen\/insektenschutz\/\" \/>\n<meta property=\"og:site_name\" content=\"Holzfit Kn\u00e4bel\" \/>\n<meta property=\"article:publisher\" content=\"https:\/\/www.facebook.com\/Holzfit\" \/>\n<meta property=\"article:modified_time\" content=\"2023-08-17T10:30:29+00:00\" \/>\n<meta name=\"twitter:card\" content=\"summary_large_image\" \/>\n<meta name=\"twitter:label1\" content=\"Gesch\u00e4tzte Lesezeit\" \/>\n\t<meta name=\"twitter:data1\" content=\"1\u00a0Minute\" \/>\n<script type=\"application\/ld+json\" class=\"yoast-schema-graph\">{\"@context\":\"https:\\\/\\\/schema.org\",\"@graph\":[{\"@type\":\"WebPage\",\"@id\":\"https:\\\/\\\/holzfit.com\\\/index.php\\\/leistungen\\\/insektenschutz\\\/\",\"url\":\"https:\\\/\\\/holzfit.com\\\/index.php\\\/leistungen\\\/insektenschutz\\\/\",\"name\":\"Insektenschutz - Holzfit Kn\u00e4bel\",\"isPartOf\":{\"@id\":\"https:\\\/\\\/holzfit.com\\\/#website\"},\"datePublished\":\"2015-11-26T23:01:12+00:00\",\"dateModified\":\"2023-08-17T10:30:29+00:00\",\"description\":\"Unsere Gitter f\u00fcr Insektenschutz sind perfekt im Detail. Ob fest montiert, zum Drehen, Schieben oder Ziehen, sie funktionieren dauerhaft.\",\"breadcrumb\":{\"@id\":\"https:\\\/\\\/holzfit.com\\\/index.php\\\/leistungen\\\/insektenschutz\\\/#breadcrumb\"},\"inLanguage\":\"de\",\"potentialAction\":[{\"@type\":\"ReadAction\",\"target\":[\"https:\\\/\\\/holzfit.com\\\/index.php\\\/leistungen\\\/insektenschutz\\\/\"]}]},{\"@type\":\"BreadcrumbList\",\"@id\":\"https:\\\/\\\/holzfit.com\\\/index.php\\\/leistungen\\\/insektenschutz\\\/#breadcrumb\",\"itemListElement\":[{\"@type\":\"ListItem\",\"position\":1,\"name\":\"Startseite\",\"item\":\"https:\\\/\\\/holzfit.com\\\/\"},{\"@type\":\"ListItem\",\"position\":2,\"name\":\"Leistungen\",\"item\":\"https:\\\/\\\/holzfit.com\\\/?page_id=69\"},{\"@type\":\"ListItem\",\"position\":3,\"name\":\"Insektenschutz\"}]},{\"@type\":\"WebSite\",\"@id\":\"https:\\\/\\\/holzfit.com\\\/#website\",\"url\":\"https:\\\/\\\/holzfit.com\\\/\",\"name\":\"Holzfit Kn\u00e4bel\",\"description\":\"f\u00fcr sch\u00f6nes, gesundes &amp; sicheres Wohnen\",\"publisher\":{\"@id\":\"https:\\\/\\\/holzfit.com\\\/#organization\"},\"potentialAction\":[{\"@type\":\"SearchAction\",\"target\":{\"@type\":\"EntryPoint\",\"urlTemplate\":\"https:\\\/\\\/holzfit.com\\\/?s={search_term_string}\"},\"query-input\":{\"@type\":\"PropertyValueSpecification\",\"valueRequired\":true,\"valueName\":\"search_term_string\"}}],\"inLanguage\":\"de\"},{\"@type\":\"Organization\",\"@id\":\"https:\\\/\\\/holzfit.com\\\/#organization\",\"name\":\"Holzfit Kn\u00e4bel\",\"url\":\"https:\\\/\\\/holzfit.com\\\/\",\"logo\":{\"@type\":\"ImageObject\",\"inLanguage\":\"de\",\"@id\":\"https:\\\/\\\/holzfit.com\\\/#\\\/schema\\\/logo\\\/image\\\/\",\"url\":\"http:\\\/\\\/holzfit.com\\\/wp-content\\\/uploads\\\/2015\\\/11\\\/logo_knaebel_1000x222_rund.jpg\",\"contentUrl\":\"http:\\\/\\\/holzfit.com\\\/wp-content\\\/uploads\\\/2015\\\/11\\\/logo_knaebel_1000x222_rund.jpg\",\"width\":1000,\"height\":222,\"caption\":\"Holzfit Kn\u00e4bel\"},\"image\":{\"@id\":\"https:\\\/\\\/holzfit.com\\\/#\\\/schema\\\/logo\\\/image\\\/\"},\"sameAs\":[\"https:\\\/\\\/www.facebook.com\\\/Holzfit\"]}]}<\/script>\n<!-- \/ Yoast SEO plugin. -->","yoast_head_json":{"title":"Insektenschutz - Holzfit Kn\u00e4bel","description":"Unsere Gitter f\u00fcr Insektenschutz sind perfekt im Detail. Ob fest montiert, zum Drehen, Schieben oder Ziehen, sie funktionieren dauerhaft.","robots":{"index":"index","follow":"follow","max-snippet":"max-snippet:-1","max-image-preview":"max-image-preview:large","max-video-preview":"max-video-preview:-1"},"canonical":"https:\/\/holzfit.com\/index.php\/leistungen\/insektenschutz\/","og_locale":"de_DE","og_type":"article","og_title":"Insektenschutz - Holzfit Kn\u00e4bel","og_description":"Unsere Gitter f\u00fcr Insektenschutz sind perfekt im Detail. Ob fest montiert, zum Drehen, Schieben oder Ziehen, sie funktionieren dauerhaft.","og_url":"https:\/\/holzfit.com\/index.php\/leistungen\/insektenschutz\/","og_site_name":"Holzfit Kn\u00e4bel","article_publisher":"https:\/\/www.facebook.com\/Holzfit","article_modified_time":"2023-08-17T10:30:29+00:00","twitter_card":"summary_large_image","twitter_misc":{"Gesch\u00e4tzte Lesezeit":"1\u00a0Minute"},"schema":{"@context":"https:\/\/schema.org","@graph":[{"@type":"WebPage","@id":"https:\/\/holzfit.com\/index.php\/leistungen\/insektenschutz\/","url":"https:\/\/holzfit.com\/index.php\/leistungen\/insektenschutz\/","name":"Insektenschutz - Holzfit Kn\u00e4bel","isPartOf":{"@id":"https:\/\/holzfit.com\/#website"},"datePublished":"2015-11-26T23:01:12+00:00","dateModified":"2023-08-17T10:30:29+00:00","description":"Unsere Gitter f\u00fcr Insektenschutz sind perfekt im Detail. Ob fest montiert, zum Drehen, Schieben oder Ziehen, sie funktionieren dauerhaft.","breadcrumb":{"@id":"https:\/\/holzfit.com\/index.php\/leistungen\/insektenschutz\/#breadcrumb"},"inLanguage":"de","potentialAction":[{"@type":"ReadAction","target":["https:\/\/holzfit.com\/index.php\/leistungen\/insektenschutz\/"]}]},{"@type":"BreadcrumbList","@id":"https:\/\/holzfit.com\/index.php\/leistungen\/insektenschutz\/#breadcrumb","itemListElement":[{"@type":"ListItem","position":1,"name":"Startseite","item":"https:\/\/holzfit.com\/"},{"@type":"ListItem","position":2,"name":"Leistungen","item":"https:\/\/holzfit.com\/?page_id=69"},{"@type":"ListItem","position":3,"name":"Insektenschutz"}]},{"@type":"WebSite","@id":"https:\/\/holzfit.com\/#website","url":"https:\/\/holzfit.com\/","name":"Holzfit Kn\u00e4bel","description":"f\u00fcr sch\u00f6nes, gesundes &amp; sicheres Wohnen","publisher":{"@id":"https:\/\/holzfit.com\/#organization"},"potentialAction":[{"@type":"SearchAction","target":{"@type":"EntryPoint","urlTemplate":"https:\/\/holzfit.com\/?s={search_term_string}"},"query-input":{"@type":"PropertyValueSpecification","valueRequired":true,"valueName":"search_term_string"}}],"inLanguage":"de"},{"@type":"Organization","@id":"https:\/\/holzfit.com\/#organization","name":"Holzfit Kn\u00e4bel","url":"https:\/\/holzfit.com\/","logo":{"@type":"ImageObject","inLanguage":"de","@id":"https:\/\/holzfit.com\/#\/schema\/logo\/image\/","url":"http:\/\/holzfit.com\/wp-content\/uploads\/2015\/11\/logo_knaebel_1000x222_rund.jpg","contentUrl":"http:\/\/holzfit.com\/wp-content\/uploads\/2015\/11\/logo_knaebel_1000x222_rund.jpg","width":1000,"height":222,"caption":"Holzfit Kn\u00e4bel"},"image":{"@id":"https:\/\/holzfit.com\/#\/schema\/logo\/image\/"},"sameAs":["https:\/\/www.facebook.com\/Holzfit"]}]}},"_links":{"self":[{"href":"https:\/\/holzfit.com\/index.php\/wp-json\/wp\/v2\/pages\/32","targetHints":{"allow":["GET"]}}],"collection":[{"href":"https:\/\/holzfit.com\/index.php\/wp-json\/wp\/v2\/pages"}],"about":[{"href":"https:\/\/holzfit.com\/index.php\/wp-json\/wp\/v2\/types\/page"}],"author":[{"embeddable":true,"href":"https:\/\/holzfit.com\/index.php\/wp-json\/wp\/v2\/users\/1"}],"replies":[{"embeddable":true,"href":"https:\/\/holzfit.com\/index.php\/wp-json\/wp\/v2\/comments?post=32"}],"version-history":[{"count":6,"href":"https:\/\/holzfit.com\/index.php\/wp-json\/wp\/v2\/pages\/32\/revisions"}],"predecessor-version":[{"id":382,"href":"https:\/\/holzfit.com\/index.php\/wp-json\/wp\/v2\/pages\/32\/revisions\/382"}],"up":[{"embeddable":true,"href":"https:\/\/holzfit.com\/index.php\/wp-json\/wp\/v2\/pages\/69"}],"wp:attachment":[{"href":"https:\/\/holzfit.com\/index.php\/wp-json\/wp\/v2\/media?parent=32"}],"curies":[{"name":"wp","href":"https:\/\/api.w.org\/{rel}","templated":true}]}}