{"id":38,"date":"2015-11-27T00:02:09","date_gmt":"2015-11-26T23:02:09","guid":{"rendered":"http:\/\/holzfit.de\/?page_id=38"},"modified":"2025-09-11T14:59:46","modified_gmt":"2025-09-11T12:59:46","slug":"s3-innova","status":"publish","type":"page","link":"https:\/\/holzfit.com\/index.php\/leistungen\/s3-innova\/","title":{"rendered":"S3 Innova"},"content":{"rendered":"<div class=\"wp-block-image is-style-default\">\n<figure class=\"alignright\"><img loading=\"lazy\" decoding=\"async\" width=\"200\" height=\"83\" src=\"https:\/\/holzfit.com\/wp-content\/uploads\/2015\/11\/S3_Logo_200.jpg\" alt=\"Logo S3 Innova\" class=\"wp-image-164\"\/><\/figure>\n<\/div>\n\n\n<p>Mit S3 Innova kosteng\u00fcnstig Ihre bestehenden Fenster verkleiden anstatt sie aufw\u00e4ndig zu ersetzen.<\/p>\n\n\n\n<p><strong>Nie wieder Fenster und Wintergarten streichen<\/strong><\/p>\n\n\n\n<p><strong>Irgendwann \u2026<\/strong><br>nagt der Zahn der Zeit am sch\u00f6nsten Holzfenster: abgeplatzte Farbe, Risse, Holzverformungen, etc.<\/p>\n\n\n<div class=\"wp-block-image is-style-default\">\n<figure class=\"alignright\"><img loading=\"lazy\" decoding=\"async\" width=\"225\" height=\"300\" src=\"https:\/\/holzfit.com\/wp-content\/uploads\/2015\/11\/S3_Elemente_08-225x300.jpg\" alt=\"Holzfenster verkleidet mit S3 Innova\" class=\"wp-image-155\" srcset=\"https:\/\/holzfit.com\/wp-content\/uploads\/2015\/11\/S3_Elemente_08-225x300.jpg 225w, https:\/\/holzfit.com\/wp-content\/uploads\/2015\/11\/S3_Elemente_08.jpg 600w\" sizes=\"auto, (max-width: 225px) 100vw, 225px\" \/><\/figure>\n<\/div>\n\n\n<p>Streichen allein gen\u00fcgt nicht mehr \u2013 oder hilft nur begrenzt.<\/p>\n\n\n\n<p>Das Eindringen von f\u00e4ulnisf\u00f6rdernder Feuchtigkeit ist nicht aufzuhalten. Hitze und Frost tun ihr \u00dcbriges, um Ihre Fenster unansehnlich zu machen.<\/p>\n\n\n\n<p>Hohe Folgekosten sind nicht mehr abzuwenden \u2013 vom kompletten Austausch bis hin zur teuren Innenrenovierung \u2026<\/p>\n\n\n\n<p><strong>Sp\u00e4testens dann \u2026<\/strong><br>hei\u00dft es unverz\u00fcglich zu handeln, um den Wert Ihres Hauses zu bewahren. Noch besser ist vorbeugen \u2013 mit der f\u00fchrenden Technik des Erfinders der Fensterverkleidung.<\/p>\n\n\n\n<p><strong>Die L\u00f6sung \u2026<\/strong><br>ist die patentierte und kosteng\u00fcnstige S3 Innova Aluminium-Schutzverkleidung, die aus ihren Fenstern Schmuckst\u00fccke macht und wiederholtes Streichen \u00fcberfl\u00fcssig werden l\u00e4sst. Unempfindlich, in auffallend sch\u00f6nem Design \u2013 in den Farben Ihrer Wahl.<\/p>\n\n\n\n<p>Neuer Glanz und Werterhalt f\u00fcr Ihr Zuhause durch die S3 Innova Fensterverkleidung.<\/p>\n\n\n\n<ul class=\"wp-block-list\">\n<li><a href=\"http:\/\/www.s3-innova-fenster-verkleiden.de\" target=\"_blank\" rel=\"noopener noreferrer\">http:\/\/www.s3-innova-fenster-verkleiden.de<\/a><\/li>\n<\/ul>\n\n\n<div class=\"n2-section-smartslider fitvidsignore \" data-ssid=\"2\"><div id=\"n2-ss-2-align\" class=\"n2-ss-align\"><div class=\"n2-padding\"><div id=\"n2-ss-2\" data-creator=\"Smart Slider 3\" data-responsive=\"auto\" class=\"n2-ss-slider n2-ow n2-has-hover n2notransition  \">\n\n\n\n<div class=\"n2-ss-slider-wrapper-inside\">\n        <div class=\"n2-ss-slider-1 n2_ss__touch_element n2-ow\">\n            <div class=\"n2-ss-slider-2 n2-ow\">\n                                                <div class=\"n2-ss-slider-3 n2-ow\">\n\n                    <div class=\"n2-ss-slide-backgrounds n2-ow-all\"><div class=\"n2-ss-slide-background\" data-public-id=\"1\" data-mode=\"fit\"><div class=\"n2-ss-slide-background-image\" data-blur=\"0\" data-opacity=\"100\" data-x=\"50\" data-y=\"50\" data-alt=\"\" data-title=\"\"><picture class=\"skip-lazy\" data-skip-lazy=\"1\"><img decoding=\"async\" src=\"\/\/holzfit.com\/wp-content\/uploads\/2015\/11\/S3_Details_03.jpg\" alt=\"\" title=\"\" loading=\"lazy\" class=\"skip-lazy\" data-skip-lazy=\"1\"><\/picture><\/div><div data-color=\"RGBA(255,255,255,0)\" style=\"background-color: RGBA(255,255,255,0);\" class=\"n2-ss-slide-background-color\"><\/div><\/div><div class=\"n2-ss-slide-background\" data-public-id=\"2\" data-mode=\"fit\" aria-hidden=\"true\"><div class=\"n2-ss-slide-background-image\" data-blur=\"0\" data-opacity=\"100\" data-x=\"50\" data-y=\"50\" data-alt=\"\" data-title=\"\"><picture class=\"skip-lazy\" data-skip-lazy=\"1\"><img decoding=\"async\" src=\"\/\/holzfit.com\/wp-content\/uploads\/2015\/11\/S3_Fensterverkleidung_11.jpg\" alt=\"\" title=\"\" loading=\"lazy\" class=\"skip-lazy\" data-skip-lazy=\"1\"><\/picture><\/div><div data-color=\"RGBA(255,255,255,0)\" style=\"background-color: RGBA(255,255,255,0);\" class=\"n2-ss-slide-background-color\"><\/div><\/div><div class=\"n2-ss-slide-background\" data-public-id=\"3\" data-mode=\"fit\" aria-hidden=\"true\"><div class=\"n2-ss-slide-background-image\" data-blur=\"0\" data-opacity=\"100\" data-x=\"50\" data-y=\"50\" data-alt=\"\" data-title=\"\"><picture class=\"skip-lazy\" data-skip-lazy=\"1\"><img decoding=\"async\" src=\"\/\/holzfit.com\/wp-content\/uploads\/2015\/11\/S3_Fenster_08.jpg\" alt=\"\" title=\"\" loading=\"lazy\" class=\"skip-lazy\" data-skip-lazy=\"1\"><\/picture><\/div><div data-color=\"RGBA(255,255,255,0)\" style=\"background-color: RGBA(255,255,255,0);\" class=\"n2-ss-slide-background-color\"><\/div><\/div><div class=\"n2-ss-slide-background\" data-public-id=\"4\" data-mode=\"fit\" aria-hidden=\"true\"><div class=\"n2-ss-slide-background-image\" data-blur=\"0\" data-opacity=\"100\" data-x=\"50\" data-y=\"50\" data-alt=\"\" data-title=\"\"><picture class=\"skip-lazy\" data-skip-lazy=\"1\"><img decoding=\"async\" src=\"\/\/holzfit.com\/wp-content\/uploads\/2015\/11\/S3_Wintergarten_13.jpg\" alt=\"\" title=\"\" loading=\"lazy\" class=\"skip-lazy\" data-skip-lazy=\"1\"><\/picture><\/div><div data-color=\"RGBA(255,255,255,0)\" style=\"background-color: RGBA(255,255,255,0);\" class=\"n2-ss-slide-background-color\"><\/div><\/div><div class=\"n2-ss-slide-background\" data-public-id=\"5\" data-mode=\"fit\" aria-hidden=\"true\"><div class=\"n2-ss-slide-background-image\" data-blur=\"0\" data-opacity=\"100\" data-x=\"50\" data-y=\"50\" data-alt=\"\" data-title=\"\"><picture class=\"skip-lazy\" data-skip-lazy=\"1\"><img decoding=\"async\" src=\"\/\/holzfit.com\/wp-content\/uploads\/2015\/11\/S3_Wintergarten_22.jpg\" alt=\"\" title=\"\" loading=\"lazy\" class=\"skip-lazy\" data-skip-lazy=\"1\"><\/picture><\/div><div data-color=\"RGBA(255,255,255,0)\" style=\"background-color: RGBA(255,255,255,0);\" class=\"n2-ss-slide-background-color\"><\/div><\/div><\/div>                    <div class=\"n2-ss-slider-4 n2-ow\">\n                        <svg xmlns=\"http:\/\/www.w3.org\/2000\/svg\" viewBox=\"0 0 1000 750\" data-related-device=\"desktopPortrait\" class=\"n2-ow n2-ss-preserve-size n2-ss-preserve-size--slider n2-ss-slide-limiter\"><\/svg><div data-first=\"1\" data-slide-duration=\"0\" data-id=\"4\" data-slide-public-id=\"1\" data-title=\"S3_Details_03\" class=\"n2-ss-slide n2-ow  n2-ss-slide-4\"><div role=\"note\" class=\"n2-ss-slide--focus\" tabindex=\"-1\">S3_Details_03<\/div><div class=\"n2-ss-layers-container n2-ss-slide-limiter n2-ow\"><div class=\"n2-ss-layer n2-ow n-uc-Gq44drDc9k5R\" data-sstype=\"slide\" data-pm=\"default\"><\/div><\/div><\/div><div data-slide-duration=\"0\" data-id=\"6\" data-slide-public-id=\"2\" aria-hidden=\"true\" data-title=\"S3_Fensterverkleidung_11\" class=\"n2-ss-slide n2-ow  n2-ss-slide-6\"><div role=\"note\" class=\"n2-ss-slide--focus\" tabindex=\"-1\">S3_Fensterverkleidung_11<\/div><div class=\"n2-ss-layers-container n2-ss-slide-limiter n2-ow\"><div class=\"n2-ss-layer n2-ow n-uc-5FBT3O8JDnF8\" data-sstype=\"slide\" data-pm=\"default\"><\/div><\/div><\/div><div data-slide-duration=\"0\" data-id=\"5\" data-slide-public-id=\"3\" aria-hidden=\"true\" data-title=\"S3_Fenster_08\" class=\"n2-ss-slide n2-ow  n2-ss-slide-5\"><div role=\"note\" class=\"n2-ss-slide--focus\" tabindex=\"-1\">S3_Fenster_08<\/div><div class=\"n2-ss-layers-container n2-ss-slide-limiter n2-ow\"><div class=\"n2-ss-layer n2-ow n-uc-uhWeWcwL0y3j\" data-sstype=\"slide\" data-pm=\"default\"><\/div><\/div><\/div><div data-slide-duration=\"0\" data-id=\"7\" data-slide-public-id=\"4\" aria-hidden=\"true\" data-title=\"S3_Wintergarten_13\" class=\"n2-ss-slide n2-ow  n2-ss-slide-7\"><div role=\"note\" class=\"n2-ss-slide--focus\" tabindex=\"-1\">S3_Wintergarten_13<\/div><div class=\"n2-ss-layers-container n2-ss-slide-limiter n2-ow\"><div class=\"n2-ss-layer n2-ow n-uc-HVZCXQdvHY4k\" data-sstype=\"slide\" data-pm=\"default\"><\/div><\/div><\/div><div data-slide-duration=\"0\" data-id=\"8\" data-slide-public-id=\"5\" aria-hidden=\"true\" data-title=\"S3_Wintergarten_22\" class=\"n2-ss-slide n2-ow  n2-ss-slide-8\"><div role=\"note\" class=\"n2-ss-slide--focus\" tabindex=\"-1\">S3_Wintergarten_22<\/div><div class=\"n2-ss-layers-container n2-ss-slide-limiter n2-ow\"><div class=\"n2-ss-layer n2-ow n-uc-wNVHklH0CBRd\" data-sstype=\"slide\" data-pm=\"default\"><\/div><\/div><\/div>                    <\/div>\n\n                                    <\/div>\n            <\/div>\n        <\/div>\n        <div class=\"n2-ss-slider-controls n2-ss-slider-controls-absolute-left-center\"><div style=\"--widget-offset:15px;\" class=\"n2-ss-widget nextend-arrow n2-ow-all nextend-arrow-previous  nextend-arrow-animated-fade\" data-hide-mobileportrait=\"1\" id=\"n2-ss-2-arrow-previous\" role=\"button\" aria-label=\"previous arrow\" tabindex=\"0\"><img loading=\"lazy\" decoding=\"async\" width=\"32\" height=\"32\" class=\"skip-lazy\" data-skip-lazy=\"1\" src=\"data:image\/svg+xml;base64,PHN2ZyB3aWR0aD0iMzIiIGhlaWdodD0iMzIiIHZpZXdCb3g9IjAgMCAzMiAzMiIgeG1sbnM9Imh0dHA6Ly93d3cudzMub3JnLzIwMDAvc3ZnIj4KICAgIDxwYXRoIGQ9Ik0xMS40MzMgMTUuOTkyTDIyLjY5IDUuNzEyYy4zOTMtLjM5LjM5My0xLjAzIDAtMS40Mi0uMzkzLS4zOS0xLjAzLS4zOS0xLjQyMyAwbC0xMS45OCAxMC45NGMtLjIxLjIxLS4zLjQ5LS4yODUuNzYtLjAxNS4yOC4wNzUuNTYuMjg0Ljc3bDExLjk4IDEwLjk0Yy4zOTMuMzkgMS4wMy4zOSAxLjQyNCAwIC4zOTMtLjQuMzkzLTEuMDMgMC0xLjQybC0xMS4yNTctMTAuMjkiCiAgICAgICAgICBmaWxsPSIjZDg1OTM1IiBvcGFjaXR5PSIxIiBmaWxsLXJ1bGU9ImV2ZW5vZGQiLz4KPC9zdmc+\" alt=\"previous arrow\"><\/div><\/div><div class=\"n2-ss-slider-controls n2-ss-slider-controls-absolute-right-center\"><div style=\"--widget-offset:15px;\" class=\"n2-ss-widget nextend-arrow n2-ow-all nextend-arrow-next  nextend-arrow-animated-fade\" data-hide-mobileportrait=\"1\" id=\"n2-ss-2-arrow-next\" role=\"button\" aria-label=\"next arrow\" tabindex=\"0\"><img loading=\"lazy\" decoding=\"async\" width=\"32\" height=\"32\" class=\"skip-lazy\" data-skip-lazy=\"1\" src=\"data:image\/svg+xml;base64,PHN2ZyB3aWR0aD0iMzIiIGhlaWdodD0iMzIiIHZpZXdCb3g9IjAgMCAzMiAzMiIgeG1sbnM9Imh0dHA6Ly93d3cudzMub3JnLzIwMDAvc3ZnIj4KICAgIDxwYXRoIGQ9Ik0xMC43MjIgNC4yOTNjLS4zOTQtLjM5LTEuMDMyLS4zOS0xLjQyNyAwLS4zOTMuMzktLjM5MyAxLjAzIDAgMS40MmwxMS4yODMgMTAuMjgtMTEuMjgzIDEwLjI5Yy0uMzkzLjM5LS4zOTMgMS4wMiAwIDEuNDIuMzk1LjM5IDEuMDMzLjM5IDEuNDI3IDBsMTIuMDA3LTEwLjk0Yy4yMS0uMjEuMy0uNDkuMjg0LS43Ny4wMTQtLjI3LS4wNzYtLjU1LS4yODYtLjc2TDEwLjcyIDQuMjkzeiIKICAgICAgICAgIGZpbGw9IiNkODU5MzUiIG9wYWNpdHk9IjEiIGZpbGwtcnVsZT0iZXZlbm9kZCIvPgo8L3N2Zz4=\" alt=\"next arrow\"><\/div><\/div><div class=\"n2-ss-slider-controls n2-ss-slider-controls-absolute-center-bottom\"><div style=\"--widget-offset:10px;\" class=\"n2-ss-widget n2-ss-control-bullet n2-ow-all n2-ss-control-bullet-horizontal\"><div class=\" nextend-bullet-bar n2-bar-justify-content-center\" role=\"group\" aria-label=\"Choose slide to display.\"><div class=\"n2-bullet n2-style-b73009da21ba8565ed15485f02d1707f-dot \" style=\"visibility:hidden;\"><\/div><\/div><\/div><\/div><\/div><\/div><ss3-loader><\/ss3-loader><\/div><\/div><div class=\"n2_clear\"><\/div><\/div>\n\n\n<div style=\"height:20px\" aria-hidden=\"true\" class=\"wp-block-spacer\"><\/div>\n\n\n\n<figure class=\"wp-block-embed is-type-video is-provider-youtube wp-block-embed-youtube wp-embed-aspect-16-9 wp-has-aspect-ratio\"><div class=\"wp-block-embed__wrapper\">\n<iframe loading=\"lazy\" title=\"Tobias entdeckt: Fenster modernisieren mit Aluprofil I BAUEN &amp; WOHNEN\" width=\"584\" height=\"329\" src=\"https:\/\/www.youtube.com\/embed\/_AbuhuH6AyI?feature=oembed\" frameborder=\"0\" allow=\"accelerometer; autoplay; clipboard-write; encrypted-media; gyroscope; picture-in-picture; web-share\" referrerpolicy=\"strict-origin-when-cross-origin\" allowfullscreen><\/iframe>\n<\/div><\/figure>\n","protected":false},"excerpt":{"rendered":"<p>Mit S3 Innova kosteng\u00fcnstig Ihre bestehenden Fenster verkleiden anstatt sie aufw\u00e4ndig zu ersetzen. Nie wieder Fenster und Wintergarten streichen Irgendwann \u2026nagt der Zahn der Zeit am sch\u00f6nsten Holzfenster: abgeplatzte Farbe, Risse, Holzverformungen, etc. Streichen allein gen\u00fcgt nicht mehr \u2013 oder &hellip; <a href=\"https:\/\/holzfit.com\/index.php\/leistungen\/s3-innova\/\">Weiterlesen <span class=\"meta-nav\">&rarr;<\/span><\/a><\/p>\n","protected":false},"author":1,"featured_media":0,"parent":69,"menu_order":6,"comment_status":"closed","ping_status":"closed","template":"sidebar-page.php","meta":{"footnotes":""},"class_list":["post-38","page","type-page","status-publish","hentry"],"yoast_head":"<!-- This site is optimized with the Yoast SEO plugin v27.6 - https:\/\/yoast.com\/product\/yoast-seo-wordpress\/ -->\n<title>S3 Innova - Holzfit Kn\u00e4bel<\/title>\n<meta name=\"description\" content=\"Mit S3 Innova kosteng\u00fcnstig Ihre bestehenden Fenster verkleiden anstatt sie aufw\u00e4ndig zu ersetzen. Nie wieder streichen.\" \/>\n<meta name=\"robots\" content=\"index, follow, max-snippet:-1, max-image-preview:large, max-video-preview:-1\" \/>\n<link rel=\"canonical\" href=\"https:\/\/holzfit.com\/index.php\/leistungen\/s3-innova\/\" \/>\n<meta property=\"og:locale\" content=\"de_DE\" \/>\n<meta property=\"og:type\" content=\"article\" \/>\n<meta property=\"og:title\" content=\"S3 Innova - Holzfit Kn\u00e4bel\" \/>\n<meta property=\"og:description\" content=\"Mit S3 Innova kosteng\u00fcnstig Ihre bestehenden Fenster verkleiden anstatt sie aufw\u00e4ndig zu ersetzen. Nie wieder streichen.\" \/>\n<meta property=\"og:url\" content=\"https:\/\/holzfit.com\/index.php\/leistungen\/s3-innova\/\" \/>\n<meta property=\"og:site_name\" content=\"Holzfit Kn\u00e4bel\" \/>\n<meta property=\"article:publisher\" content=\"https:\/\/www.facebook.com\/Holzfit\" \/>\n<meta property=\"article:modified_time\" content=\"2025-09-11T12:59:46+00:00\" \/>\n<meta property=\"og:image\" content=\"http:\/\/holzfit.com\/wp-content\/uploads\/2015\/11\/S3_Logo_200.jpg\" \/>\n<meta name=\"twitter:card\" content=\"summary_large_image\" \/>\n<meta name=\"twitter:label1\" content=\"Gesch\u00e4tzte Lesezeit\" \/>\n\t<meta name=\"twitter:data1\" content=\"2\u00a0Minuten\" \/>\n<script type=\"application\/ld+json\" class=\"yoast-schema-graph\">{\"@context\":\"https:\\\/\\\/schema.org\",\"@graph\":[{\"@type\":\"WebPage\",\"@id\":\"https:\\\/\\\/holzfit.com\\\/index.php\\\/leistungen\\\/s3-innova\\\/\",\"url\":\"https:\\\/\\\/holzfit.com\\\/index.php\\\/leistungen\\\/s3-innova\\\/\",\"name\":\"S3 Innova - Holzfit Kn\u00e4bel\",\"isPartOf\":{\"@id\":\"https:\\\/\\\/holzfit.com\\\/#website\"},\"primaryImageOfPage\":{\"@id\":\"https:\\\/\\\/holzfit.com\\\/index.php\\\/leistungen\\\/s3-innova\\\/#primaryimage\"},\"image\":{\"@id\":\"https:\\\/\\\/holzfit.com\\\/index.php\\\/leistungen\\\/s3-innova\\\/#primaryimage\"},\"thumbnailUrl\":\"http:\\\/\\\/holzfit.com\\\/wp-content\\\/uploads\\\/2015\\\/11\\\/S3_Logo_200.jpg\",\"datePublished\":\"2015-11-26T23:02:09+00:00\",\"dateModified\":\"2025-09-11T12:59:46+00:00\",\"description\":\"Mit S3 Innova kosteng\u00fcnstig Ihre bestehenden Fenster verkleiden anstatt sie aufw\u00e4ndig zu ersetzen. Nie wieder streichen.\",\"breadcrumb\":{\"@id\":\"https:\\\/\\\/holzfit.com\\\/index.php\\\/leistungen\\\/s3-innova\\\/#breadcrumb\"},\"inLanguage\":\"de\",\"potentialAction\":[{\"@type\":\"ReadAction\",\"target\":[\"https:\\\/\\\/holzfit.com\\\/index.php\\\/leistungen\\\/s3-innova\\\/\"]}]},{\"@type\":\"ImageObject\",\"inLanguage\":\"de\",\"@id\":\"https:\\\/\\\/holzfit.com\\\/index.php\\\/leistungen\\\/s3-innova\\\/#primaryimage\",\"url\":\"http:\\\/\\\/holzfit.com\\\/wp-content\\\/uploads\\\/2015\\\/11\\\/S3_Logo_200.jpg\",\"contentUrl\":\"http:\\\/\\\/holzfit.com\\\/wp-content\\\/uploads\\\/2015\\\/11\\\/S3_Logo_200.jpg\"},{\"@type\":\"BreadcrumbList\",\"@id\":\"https:\\\/\\\/holzfit.com\\\/index.php\\\/leistungen\\\/s3-innova\\\/#breadcrumb\",\"itemListElement\":[{\"@type\":\"ListItem\",\"position\":1,\"name\":\"Startseite\",\"item\":\"https:\\\/\\\/holzfit.com\\\/\"},{\"@type\":\"ListItem\",\"position\":2,\"name\":\"Leistungen\",\"item\":\"https:\\\/\\\/holzfit.com\\\/?page_id=69\"},{\"@type\":\"ListItem\",\"position\":3,\"name\":\"S3 Innova\"}]},{\"@type\":\"WebSite\",\"@id\":\"https:\\\/\\\/holzfit.com\\\/#website\",\"url\":\"https:\\\/\\\/holzfit.com\\\/\",\"name\":\"Holzfit Kn\u00e4bel\",\"description\":\"f\u00fcr sch\u00f6nes, gesundes &amp; sicheres Wohnen\",\"publisher\":{\"@id\":\"https:\\\/\\\/holzfit.com\\\/#organization\"},\"potentialAction\":[{\"@type\":\"SearchAction\",\"target\":{\"@type\":\"EntryPoint\",\"urlTemplate\":\"https:\\\/\\\/holzfit.com\\\/?s={search_term_string}\"},\"query-input\":{\"@type\":\"PropertyValueSpecification\",\"valueRequired\":true,\"valueName\":\"search_term_string\"}}],\"inLanguage\":\"de\"},{\"@type\":\"Organization\",\"@id\":\"https:\\\/\\\/holzfit.com\\\/#organization\",\"name\":\"Holzfit Kn\u00e4bel\",\"url\":\"https:\\\/\\\/holzfit.com\\\/\",\"logo\":{\"@type\":\"ImageObject\",\"inLanguage\":\"de\",\"@id\":\"https:\\\/\\\/holzfit.com\\\/#\\\/schema\\\/logo\\\/image\\\/\",\"url\":\"http:\\\/\\\/holzfit.com\\\/wp-content\\\/uploads\\\/2015\\\/11\\\/logo_knaebel_1000x222_rund.jpg\",\"contentUrl\":\"http:\\\/\\\/holzfit.com\\\/wp-content\\\/uploads\\\/2015\\\/11\\\/logo_knaebel_1000x222_rund.jpg\",\"width\":1000,\"height\":222,\"caption\":\"Holzfit Kn\u00e4bel\"},\"image\":{\"@id\":\"https:\\\/\\\/holzfit.com\\\/#\\\/schema\\\/logo\\\/image\\\/\"},\"sameAs\":[\"https:\\\/\\\/www.facebook.com\\\/Holzfit\"]}]}<\/script>\n<!-- \/ Yoast SEO plugin. -->","yoast_head_json":{"title":"S3 Innova - Holzfit Kn\u00e4bel","description":"Mit S3 Innova kosteng\u00fcnstig Ihre bestehenden Fenster verkleiden anstatt sie aufw\u00e4ndig zu ersetzen. Nie wieder streichen.","robots":{"index":"index","follow":"follow","max-snippet":"max-snippet:-1","max-image-preview":"max-image-preview:large","max-video-preview":"max-video-preview:-1"},"canonical":"https:\/\/holzfit.com\/index.php\/leistungen\/s3-innova\/","og_locale":"de_DE","og_type":"article","og_title":"S3 Innova - Holzfit Kn\u00e4bel","og_description":"Mit S3 Innova kosteng\u00fcnstig Ihre bestehenden Fenster verkleiden anstatt sie aufw\u00e4ndig zu ersetzen. Nie wieder streichen.","og_url":"https:\/\/holzfit.com\/index.php\/leistungen\/s3-innova\/","og_site_name":"Holzfit Kn\u00e4bel","article_publisher":"https:\/\/www.facebook.com\/Holzfit","article_modified_time":"2025-09-11T12:59:46+00:00","og_image":[{"url":"http:\/\/holzfit.com\/wp-content\/uploads\/2015\/11\/S3_Logo_200.jpg","type":"","width":"","height":""}],"twitter_card":"summary_large_image","twitter_misc":{"Gesch\u00e4tzte Lesezeit":"2\u00a0Minuten"},"schema":{"@context":"https:\/\/schema.org","@graph":[{"@type":"WebPage","@id":"https:\/\/holzfit.com\/index.php\/leistungen\/s3-innova\/","url":"https:\/\/holzfit.com\/index.php\/leistungen\/s3-innova\/","name":"S3 Innova - Holzfit Kn\u00e4bel","isPartOf":{"@id":"https:\/\/holzfit.com\/#website"},"primaryImageOfPage":{"@id":"https:\/\/holzfit.com\/index.php\/leistungen\/s3-innova\/#primaryimage"},"image":{"@id":"https:\/\/holzfit.com\/index.php\/leistungen\/s3-innova\/#primaryimage"},"thumbnailUrl":"http:\/\/holzfit.com\/wp-content\/uploads\/2015\/11\/S3_Logo_200.jpg","datePublished":"2015-11-26T23:02:09+00:00","dateModified":"2025-09-11T12:59:46+00:00","description":"Mit S3 Innova kosteng\u00fcnstig Ihre bestehenden Fenster verkleiden anstatt sie aufw\u00e4ndig zu ersetzen. Nie wieder streichen.","breadcrumb":{"@id":"https:\/\/holzfit.com\/index.php\/leistungen\/s3-innova\/#breadcrumb"},"inLanguage":"de","potentialAction":[{"@type":"ReadAction","target":["https:\/\/holzfit.com\/index.php\/leistungen\/s3-innova\/"]}]},{"@type":"ImageObject","inLanguage":"de","@id":"https:\/\/holzfit.com\/index.php\/leistungen\/s3-innova\/#primaryimage","url":"http:\/\/holzfit.com\/wp-content\/uploads\/2015\/11\/S3_Logo_200.jpg","contentUrl":"http:\/\/holzfit.com\/wp-content\/uploads\/2015\/11\/S3_Logo_200.jpg"},{"@type":"BreadcrumbList","@id":"https:\/\/holzfit.com\/index.php\/leistungen\/s3-innova\/#breadcrumb","itemListElement":[{"@type":"ListItem","position":1,"name":"Startseite","item":"https:\/\/holzfit.com\/"},{"@type":"ListItem","position":2,"name":"Leistungen","item":"https:\/\/holzfit.com\/?page_id=69"},{"@type":"ListItem","position":3,"name":"S3 Innova"}]},{"@type":"WebSite","@id":"https:\/\/holzfit.com\/#website","url":"https:\/\/holzfit.com\/","name":"Holzfit Kn\u00e4bel","description":"f\u00fcr sch\u00f6nes, gesundes &amp; sicheres Wohnen","publisher":{"@id":"https:\/\/holzfit.com\/#organization"},"potentialAction":[{"@type":"SearchAction","target":{"@type":"EntryPoint","urlTemplate":"https:\/\/holzfit.com\/?s={search_term_string}"},"query-input":{"@type":"PropertyValueSpecification","valueRequired":true,"valueName":"search_term_string"}}],"inLanguage":"de"},{"@type":"Organization","@id":"https:\/\/holzfit.com\/#organization","name":"Holzfit Kn\u00e4bel","url":"https:\/\/holzfit.com\/","logo":{"@type":"ImageObject","inLanguage":"de","@id":"https:\/\/holzfit.com\/#\/schema\/logo\/image\/","url":"http:\/\/holzfit.com\/wp-content\/uploads\/2015\/11\/logo_knaebel_1000x222_rund.jpg","contentUrl":"http:\/\/holzfit.com\/wp-content\/uploads\/2015\/11\/logo_knaebel_1000x222_rund.jpg","width":1000,"height":222,"caption":"Holzfit Kn\u00e4bel"},"image":{"@id":"https:\/\/holzfit.com\/#\/schema\/logo\/image\/"},"sameAs":["https:\/\/www.facebook.com\/Holzfit"]}]}},"_links":{"self":[{"href":"https:\/\/holzfit.com\/index.php\/wp-json\/wp\/v2\/pages\/38","targetHints":{"allow":["GET"]}}],"collection":[{"href":"https:\/\/holzfit.com\/index.php\/wp-json\/wp\/v2\/pages"}],"about":[{"href":"https:\/\/holzfit.com\/index.php\/wp-json\/wp\/v2\/types\/page"}],"author":[{"embeddable":true,"href":"https:\/\/holzfit.com\/index.php\/wp-json\/wp\/v2\/users\/1"}],"replies":[{"embeddable":true,"href":"https:\/\/holzfit.com\/index.php\/wp-json\/wp\/v2\/comments?post=38"}],"version-history":[{"count":15,"href":"https:\/\/holzfit.com\/index.php\/wp-json\/wp\/v2\/pages\/38\/revisions"}],"predecessor-version":[{"id":492,"href":"https:\/\/holzfit.com\/index.php\/wp-json\/wp\/v2\/pages\/38\/revisions\/492"}],"up":[{"embeddable":true,"href":"https:\/\/holzfit.com\/index.php\/wp-json\/wp\/v2\/pages\/69"}],"wp:attachment":[{"href":"https:\/\/holzfit.com\/index.php\/wp-json\/wp\/v2\/media?parent=38"}],"curies":[{"name":"wp","href":"https:\/\/api.w.org\/{rel}","templated":true}]}}